{"id":4714,"date":"2025-11-05T10:10:51","date_gmt":"2025-11-05T13:10:51","guid":{"rendered":"https:\/\/www.autoelevadoresilcar.com.ar\/toyota\/?page_id=4714"},"modified":"2025-11-05T11:41:30","modified_gmt":"2025-11-05T14:41:30","slug":"politica-de-gestion","status":"publish","type":"page","link":"https:\/\/www.autoelevadoresilcar.com.ar\/toyota\/empresa\/politica-de-gestion\/","title":{"rendered":"Pol\u00edtica de Gesti\u00f3n"},"content":{"rendered":"\t\t<div data-elementor-type=\"wp-page\" data-elementor-id=\"4714\" class=\"elementor elementor-4714\">\n\t\t\t\t\t\t<div class=\" elementor-section elementor-top-section elementor-element elementor-element-ba3a554 elementor-section-boxed elementor-section-height-default elementor-section-height-default\" data-id=\"ba3a554\" data-element_type=\"section\" data-e-type=\"section\">\r\n\t\t\t\t\t\t\t\t<div class=\"elementor-container elementor-column-gap-default\">\r\n\t\t\t\t\r\n\t\t\t\t\t\t\t\t<div class=\" elementor-column elementor-col-100 elementor-top-column elementor-element elementor-element-b41eeac \" data-id=\"b41eeac\" data-element_type=\"column\" data-e-type=\"column\">\r\n\r\n\t\t\t\t\r\n\t\t\t\t<div class=\"elementor-widget-wrap elementor-element-populated\">\r\n\t\t\t\t\t\t\t\t\t\t\r\n\t\t\t\t\t\t<div class=\"elementor-element elementor-element-9953849 elementor-invisible elementor-widget elementor-widget-text-editor\" data-id=\"9953849\" data-element_type=\"widget\" data-e-type=\"widget\" data-settings=\"{&quot;_animation&quot;:&quot;fadeInUp&quot;}\" data-widget_type=\"text-editor.default\">\n\t\t\t\t\t\t\t\t\t<p>En\u00a0<strong>Grupo Silcar<\/strong>\u00a0asumimos los siguientes objetivos como Pol\u00edtica de Gesti\u00f3n cuando alquilamos, vendemos y reparamos equipamiento para el transporte y elevaci\u00f3n de personas y cargas, y cuando prestamos servicios relacionados a la gesti\u00f3n de almacenes y log\u00edstica:<\/p><ul><li>Que nuestro servicio debe satisfacer los requisitos de los clientes y expectativas de las partes interesadas pertinentes incluyendo los requisitos legales aplicables a la actividad, ofreciendo excelente desempe\u00f1o y productos valorados por el mercado.<\/li><li>Creando un espacio de trabajo seguro y saludable implementando acciones tendientes a eliminar peligros y minimizar riesgos en materia de salud y seguridad ocupacional, corrigiendo condiciones y actitudes inseguras, capacitando y promoviendo la consulta y la participaci\u00f3n de los trabajadores.<\/li><li>Teniendo como prioridad preservar el ambiente, previniendo la contaminaci\u00f3n, observando los requisitos legales vigentes y otros requisitos a los que la organizaci\u00f3n suscriba.<\/li><li>Cumpliendo las disposiciones legales que alcanzan a nuestros procesos y los requisitos asumidos por la Organizaci\u00f3n.<\/li><li>Para todo esto, la Gerencia asume la necesidad de adoptar una filosof\u00eda de mejora continua, para su actuaci\u00f3n en lo que pueda afectar a la Calidad, el Medio Ambiente y la Seguridad y Salud Ocupacional.<\/li><\/ul><p>La Direcci\u00f3n de\u00a0<strong>Grupo Silcar\u00a0<\/strong>se compromete en la aplicaci\u00f3n de esta Pol\u00edtica de Gesti\u00f3n, mediante la difusi\u00f3n a todos nuestros colaboradores y la implementaci\u00f3n efectiva de estas premisas en todos los procesos de nuestras empresas y en nuestra relaci\u00f3n con clientes, proveedores y autoridades de control.<\/p>\t\t\t\t\t\t\t\t<\/div>\n\t\t\t\t<div class=\"elementor-element elementor-element-ffd9f3e elementor-invisible elementor-widget elementor-widget-heading\" data-id=\"ffd9f3e\" data-element_type=\"widget\" data-e-type=\"widget\" data-settings=\"{&quot;_animation&quot;:&quot;fadeInUpShorter&quot;}\" data-widget_type=\"heading.default\">\n\t\t\t\t\t<h2 class=\"elementor-heading-title elementor-size-default\">CONTROL DE CAMBIOS<\/h2>\t\t\t\t<\/div>\n\t\t\t\t<div class=\"elementor-element elementor-element-137dd40 elementor-invisible elementor-widget elementor-widget-text-editor\" data-id=\"137dd40\" data-element_type=\"widget\" data-e-type=\"widget\" data-settings=\"{&quot;_animation&quot;:&quot;fadeInUp&quot;}\" data-widget_type=\"text-editor.default\">\n\t\t\t\t\t\t\t\t\t<table width=\"100%\"><tbody><tr><td width=\"85\"><strong>Revisi\u00f3n<\/strong><\/td><td colspan=\"3\" width=\"123\"><strong>Fecha<\/strong><\/td><td width=\"94\"><strong>\u00cdtem\/l\u00ednea<\/strong><\/td><td width=\"302\"><strong>Descripci\u00f3n<\/strong><\/td><\/tr><tr><td width=\"85\">0<\/td><td width=\"38\">08<\/td><td width=\"47\">04<\/td><td width=\"38\">15<\/td><td width=\"94\">\u2014<\/td><td width=\"302\">Emisi\u00f3n original.<\/td><\/tr><tr><td width=\"85\">1<\/td><td width=\"38\">21<\/td><td width=\"47\">03<\/td><td width=\"38\">16<\/td><td width=\"94\">\u2014<\/td><td width=\"302\">Revisi\u00f3n de la premisa que dec\u00eda que indicaba que la Organizaci\u00f3n pon\u00eda \u201ca disposici\u00f3n del p\u00fablico y de las\u00a0autoridadesde\u00a0control toda la informaci\u00f3n necesaria relacionada al impacto\u00a0ambientalque\u00a0pudieran generar nuestras actividades\u201d.<\/td><\/tr><tr><td width=\"85\">2<\/td><td width=\"38\">22<\/td><td width=\"47\">03<\/td><td width=\"38\">18<\/td><td width=\"94\">\u2014<\/td><td width=\"302\">Revisi\u00f3n para adecuaci\u00f3n a la migraci\u00f3n de las normas ISO 14.001 e ISO 9.001 a la versi\u00f3n 2015.<\/td><\/tr><tr><td width=\"85\">3<\/td><td width=\"38\">29<\/td><td width=\"47\">11<\/td><td width=\"38\">19<\/td><td width=\"94\">\u2014<\/td><td width=\"302\"><p>Migraci\u00f3n del sistema de gesti\u00f3n de SST certificado por OHSAS 18001.<\/p><p>Adaptaci\u00f3n de la Pol\u00edtica a los requisitos de la norma ISO 45001:2018.<\/p><\/td><\/tr><\/tbody><\/table>\t\t\t\t\t\t\t\t<\/div>\n\t\t\t\t\t\t<\/div>\r\n\t\t\t\t<\/div>\r\n\t\t\t\t\t\t\t\t<\/div>\r\n\t\t\t<\/div>\r\n\t\t\t\t\t<\/div>\n\t\t","protected":false},"excerpt":{"rendered":"<p>En\u00a0Grupo Silcar\u00a0asumimos los siguientes objetivos como Pol\u00edtica de Gesti\u00f3n cuando alquilamos, vendemos y reparamos equipamiento para el transporte y elevaci\u00f3n de personas y cargas, y cuando prestamos servicios relacionados a la gesti\u00f3n de almacenes y log\u00edstica: Que nuestro servicio debe satisfacer los requisitos de los clientes y expectativas de las partes interesadas pertinentes incluyendo los [&hellip;]<\/p>\n","protected":false},"author":1,"featured_media":0,"parent":4739,"menu_order":2,"comment_status":"closed","ping_status":"closed","template":"","meta":{"_joinchat":[],"footnotes":""},"class_list":["post-4714","page","type-page","status-publish","hentry"],"yoast_head":"<!-- This site is optimized with the Yoast SEO plugin v27.5 - https:\/\/yoast.com\/product\/yoast-seo-wordpress\/ -->\n<title>Pol\u00edtica de Gesti\u00f3n - Autoelevadores Silcar<\/title>\n<meta name=\"robots\" content=\"index, follow, max-snippet:-1, max-image-preview:large, max-video-preview:-1\" \/>\n<link rel=\"canonical\" href=\"https:\/\/www.autoelevadoresilcar.com.ar\/toyota\/empresa\/politica-de-gestion\/\" \/>\n<meta property=\"og:locale\" content=\"es_ES\" \/>\n<meta property=\"og:type\" content=\"article\" \/>\n<meta property=\"og:title\" content=\"Pol\u00edtica de Gesti\u00f3n - Autoelevadores Silcar\" \/>\n<meta property=\"og:description\" content=\"En\u00a0Grupo Silcar\u00a0asumimos los siguientes objetivos como Pol\u00edtica de Gesti\u00f3n cuando alquilamos, vendemos y reparamos equipamiento para el transporte y elevaci\u00f3n de personas y cargas, y cuando prestamos servicios relacionados a la gesti\u00f3n de almacenes y log\u00edstica: Que nuestro servicio debe satisfacer los requisitos de los clientes y expectativas de las partes interesadas pertinentes incluyendo los [&hellip;]\" \/>\n<meta property=\"og:url\" content=\"https:\/\/www.autoelevadoresilcar.com.ar\/toyota\/empresa\/politica-de-gestion\/\" \/>\n<meta property=\"og:site_name\" content=\"Autoelevadores Silcar\" \/>\n<meta property=\"article:publisher\" content=\"https:\/\/www.facebook.com\/gruposilcarargentina\/\" \/>\n<meta property=\"article:modified_time\" content=\"2025-11-05T14:41:30+00:00\" \/>\n<meta property=\"og:image\" content=\"https:\/\/www.autoelevadoresilcar.com.ar\/toyota\/wp-content\/uploads\/2025\/10\/autoelevadores-toyota.jpg\" \/>\n\t<meta property=\"og:image:width\" content=\"1903\" \/>\n\t<meta property=\"og:image:height\" content=\"1189\" \/>\n\t<meta property=\"og:image:type\" content=\"image\/jpeg\" \/>\n<meta name=\"twitter:card\" content=\"summary_large_image\" \/>\n<meta name=\"twitter:site\" content=\"@gruposilcar\" \/>\n<meta name=\"twitter:label1\" content=\"Tiempo de lectura\" \/>\n\t<meta name=\"twitter:data1\" content=\"2 minutos\" \/>\n<script type=\"application\/ld+json\" class=\"yoast-schema-graph\">{\"@context\":\"https:\\\/\\\/schema.org\",\"@graph\":[{\"@type\":\"WebPage\",\"@id\":\"https:\\\/\\\/www.autoelevadoresilcar.com.ar\\\/toyota\\\/empresa\\\/politica-de-gestion\\\/\",\"url\":\"https:\\\/\\\/www.autoelevadoresilcar.com.ar\\\/toyota\\\/empresa\\\/politica-de-gestion\\\/\",\"name\":\"Pol\u00edtica de Gesti\u00f3n - Autoelevadores Silcar\",\"isPartOf\":{\"@id\":\"https:\\\/\\\/www.autoelevadoresilcar.com.ar\\\/toyota\\\/#website\"},\"datePublished\":\"2025-11-05T13:10:51+00:00\",\"dateModified\":\"2025-11-05T14:41:30+00:00\",\"breadcrumb\":{\"@id\":\"https:\\\/\\\/www.autoelevadoresilcar.com.ar\\\/toyota\\\/empresa\\\/politica-de-gestion\\\/#breadcrumb\"},\"inLanguage\":\"es-AR\",\"potentialAction\":[{\"@type\":\"ReadAction\",\"target\":[\"https:\\\/\\\/www.autoelevadoresilcar.com.ar\\\/toyota\\\/empresa\\\/politica-de-gestion\\\/\"]}]},{\"@type\":\"BreadcrumbList\",\"@id\":\"https:\\\/\\\/www.autoelevadoresilcar.com.ar\\\/toyota\\\/empresa\\\/politica-de-gestion\\\/#breadcrumb\",\"itemListElement\":[{\"@type\":\"ListItem\",\"position\":1,\"name\":\"Inicio\",\"item\":\"https:\\\/\\\/www.autoelevadoresilcar.com.ar\\\/toyota\\\/\"},{\"@type\":\"ListItem\",\"position\":2,\"name\":\"Empresa\",\"item\":\"https:\\\/\\\/www.autoelevadoresilcar.com.ar\\\/toyota\\\/empresa\\\/\"},{\"@type\":\"ListItem\",\"position\":3,\"name\":\"Pol\u00edtica de Gesti\u00f3n\"}]},{\"@type\":\"WebSite\",\"@id\":\"https:\\\/\\\/www.autoelevadoresilcar.com.ar\\\/toyota\\\/#website\",\"url\":\"https:\\\/\\\/www.autoelevadoresilcar.com.ar\\\/toyota\\\/\",\"name\":\"Autoelevadores Silcar\",\"description\":\"\",\"publisher\":{\"@id\":\"https:\\\/\\\/www.autoelevadoresilcar.com.ar\\\/toyota\\\/#organization\"},\"alternateName\":\"Autoelevadores Toyota\",\"potentialAction\":[{\"@type\":\"SearchAction\",\"target\":{\"@type\":\"EntryPoint\",\"urlTemplate\":\"https:\\\/\\\/www.autoelevadoresilcar.com.ar\\\/toyota\\\/?s={search_term_string}\"},\"query-input\":{\"@type\":\"PropertyValueSpecification\",\"valueRequired\":true,\"valueName\":\"search_term_string\"}}],\"inLanguage\":\"es-AR\"},{\"@type\":\"Organization\",\"@id\":\"https:\\\/\\\/www.autoelevadoresilcar.com.ar\\\/toyota\\\/#organization\",\"name\":\"Autoelevadores Silcar\",\"alternateName\":\"Autoelevadores Toyota\",\"url\":\"https:\\\/\\\/www.autoelevadoresilcar.com.ar\\\/toyota\\\/\",\"logo\":{\"@type\":\"ImageObject\",\"inLanguage\":\"es-AR\",\"@id\":\"https:\\\/\\\/www.autoelevadoresilcar.com.ar\\\/toyota\\\/#\\\/schema\\\/logo\\\/image\\\/\",\"url\":\"https:\\\/\\\/www.autoelevadoresilcar.com.ar\\\/toyota\\\/wp-content\\\/uploads\\\/2025\\\/10\\\/autoelevadores-toyota.jpg\",\"contentUrl\":\"https:\\\/\\\/www.autoelevadoresilcar.com.ar\\\/toyota\\\/wp-content\\\/uploads\\\/2025\\\/10\\\/autoelevadores-toyota.jpg\",\"width\":1903,\"height\":1189,\"caption\":\"Autoelevadores Silcar\"},\"image\":{\"@id\":\"https:\\\/\\\/www.autoelevadoresilcar.com.ar\\\/toyota\\\/#\\\/schema\\\/logo\\\/image\\\/\"},\"sameAs\":[\"https:\\\/\\\/www.facebook.com\\\/gruposilcarargentina\\\/\",\"https:\\\/\\\/x.com\\\/gruposilcar\",\"https:\\\/\\\/www.instagram.com\\\/grupo.silcar\\\/\",\"https:\\\/\\\/www.youtube.com\\\/channel\\\/UCQHEcWB82lZeO0DePCCjuWg\",\"https:\\\/\\\/www.linkedin.com\\\/company\\\/autoelevadores-silcar\\\/\"]}]}<\/script>\n<!-- \/ Yoast SEO plugin. -->","yoast_head_json":{"title":"Pol\u00edtica de Gesti\u00f3n - Autoelevadores Silcar","robots":{"index":"index","follow":"follow","max-snippet":"max-snippet:-1","max-image-preview":"max-image-preview:large","max-video-preview":"max-video-preview:-1"},"canonical":"https:\/\/www.autoelevadoresilcar.com.ar\/toyota\/empresa\/politica-de-gestion\/","og_locale":"es_ES","og_type":"article","og_title":"Pol\u00edtica de Gesti\u00f3n - Autoelevadores Silcar","og_description":"En\u00a0Grupo Silcar\u00a0asumimos los siguientes objetivos como Pol\u00edtica de Gesti\u00f3n cuando alquilamos, vendemos y reparamos equipamiento para el transporte y elevaci\u00f3n de personas y cargas, y cuando prestamos servicios relacionados a la gesti\u00f3n de almacenes y log\u00edstica: Que nuestro servicio debe satisfacer los requisitos de los clientes y expectativas de las partes interesadas pertinentes incluyendo los [&hellip;]","og_url":"https:\/\/www.autoelevadoresilcar.com.ar\/toyota\/empresa\/politica-de-gestion\/","og_site_name":"Autoelevadores Silcar","article_publisher":"https:\/\/www.facebook.com\/gruposilcarargentina\/","article_modified_time":"2025-11-05T14:41:30+00:00","og_image":[{"width":1903,"height":1189,"url":"https:\/\/www.autoelevadoresilcar.com.ar\/toyota\/wp-content\/uploads\/2025\/10\/autoelevadores-toyota.jpg","type":"image\/jpeg"}],"twitter_card":"summary_large_image","twitter_site":"@gruposilcar","twitter_misc":{"Tiempo de lectura":"2 minutos"},"schema":{"@context":"https:\/\/schema.org","@graph":[{"@type":"WebPage","@id":"https:\/\/www.autoelevadoresilcar.com.ar\/toyota\/empresa\/politica-de-gestion\/","url":"https:\/\/www.autoelevadoresilcar.com.ar\/toyota\/empresa\/politica-de-gestion\/","name":"Pol\u00edtica de Gesti\u00f3n - Autoelevadores Silcar","isPartOf":{"@id":"https:\/\/www.autoelevadoresilcar.com.ar\/toyota\/#website"},"datePublished":"2025-11-05T13:10:51+00:00","dateModified":"2025-11-05T14:41:30+00:00","breadcrumb":{"@id":"https:\/\/www.autoelevadoresilcar.com.ar\/toyota\/empresa\/politica-de-gestion\/#breadcrumb"},"inLanguage":"es-AR","potentialAction":[{"@type":"ReadAction","target":["https:\/\/www.autoelevadoresilcar.com.ar\/toyota\/empresa\/politica-de-gestion\/"]}]},{"@type":"BreadcrumbList","@id":"https:\/\/www.autoelevadoresilcar.com.ar\/toyota\/empresa\/politica-de-gestion\/#breadcrumb","itemListElement":[{"@type":"ListItem","position":1,"name":"Inicio","item":"https:\/\/www.autoelevadoresilcar.com.ar\/toyota\/"},{"@type":"ListItem","position":2,"name":"Empresa","item":"https:\/\/www.autoelevadoresilcar.com.ar\/toyota\/empresa\/"},{"@type":"ListItem","position":3,"name":"Pol\u00edtica de Gesti\u00f3n"}]},{"@type":"WebSite","@id":"https:\/\/www.autoelevadoresilcar.com.ar\/toyota\/#website","url":"https:\/\/www.autoelevadoresilcar.com.ar\/toyota\/","name":"Autoelevadores Silcar","description":"","publisher":{"@id":"https:\/\/www.autoelevadoresilcar.com.ar\/toyota\/#organization"},"alternateName":"Autoelevadores Toyota","potentialAction":[{"@type":"SearchAction","target":{"@type":"EntryPoint","urlTemplate":"https:\/\/www.autoelevadoresilcar.com.ar\/toyota\/?s={search_term_string}"},"query-input":{"@type":"PropertyValueSpecification","valueRequired":true,"valueName":"search_term_string"}}],"inLanguage":"es-AR"},{"@type":"Organization","@id":"https:\/\/www.autoelevadoresilcar.com.ar\/toyota\/#organization","name":"Autoelevadores Silcar","alternateName":"Autoelevadores Toyota","url":"https:\/\/www.autoelevadoresilcar.com.ar\/toyota\/","logo":{"@type":"ImageObject","inLanguage":"es-AR","@id":"https:\/\/www.autoelevadoresilcar.com.ar\/toyota\/#\/schema\/logo\/image\/","url":"https:\/\/www.autoelevadoresilcar.com.ar\/toyota\/wp-content\/uploads\/2025\/10\/autoelevadores-toyota.jpg","contentUrl":"https:\/\/www.autoelevadoresilcar.com.ar\/toyota\/wp-content\/uploads\/2025\/10\/autoelevadores-toyota.jpg","width":1903,"height":1189,"caption":"Autoelevadores Silcar"},"image":{"@id":"https:\/\/www.autoelevadoresilcar.com.ar\/toyota\/#\/schema\/logo\/image\/"},"sameAs":["https:\/\/www.facebook.com\/gruposilcarargentina\/","https:\/\/x.com\/gruposilcar","https:\/\/www.instagram.com\/grupo.silcar\/","https:\/\/www.youtube.com\/channel\/UCQHEcWB82lZeO0DePCCjuWg","https:\/\/www.linkedin.com\/company\/autoelevadores-silcar\/"]}]}},"_links":{"self":[{"href":"https:\/\/www.autoelevadoresilcar.com.ar\/toyota\/wp-json\/wp\/v2\/pages\/4714","targetHints":{"allow":["GET"]}}],"collection":[{"href":"https:\/\/www.autoelevadoresilcar.com.ar\/toyota\/wp-json\/wp\/v2\/pages"}],"about":[{"href":"https:\/\/www.autoelevadoresilcar.com.ar\/toyota\/wp-json\/wp\/v2\/types\/page"}],"author":[{"embeddable":true,"href":"https:\/\/www.autoelevadoresilcar.com.ar\/toyota\/wp-json\/wp\/v2\/users\/1"}],"replies":[{"embeddable":true,"href":"https:\/\/www.autoelevadoresilcar.com.ar\/toyota\/wp-json\/wp\/v2\/comments?post=4714"}],"version-history":[{"count":10,"href":"https:\/\/www.autoelevadoresilcar.com.ar\/toyota\/wp-json\/wp\/v2\/pages\/4714\/revisions"}],"predecessor-version":[{"id":4729,"href":"https:\/\/www.autoelevadoresilcar.com.ar\/toyota\/wp-json\/wp\/v2\/pages\/4714\/revisions\/4729"}],"up":[{"embeddable":true,"href":"https:\/\/www.autoelevadoresilcar.com.ar\/toyota\/wp-json\/wp\/v2\/pages\/4739"}],"wp:attachment":[{"href":"https:\/\/www.autoelevadoresilcar.com.ar\/toyota\/wp-json\/wp\/v2\/media?parent=4714"}],"curies":[{"name":"wp","href":"https:\/\/api.w.org\/{rel}","templated":true}]}}